{"id":3485,"date":"2025-12-23T13:02:08","date_gmt":"2025-12-23T12:02:08","guid":{"rendered":"https:\/\/www.pinbpolice.pl\/BIP\/?page_id=3485"},"modified":"2025-12-23T13:20:25","modified_gmt":"2025-12-23T12:20:25","slug":"pinb-5160-29-2021-bk-pinb-5160-44-2021-bk-pinb-5160-38-2022-bk-pinb-5160-39-2022-bk-pinb-5160-40-2022-bk-pinb-5160-41-2022-bk-pinb-5160-42-2022-bk-z-dnia-23-grudnia-2025-r-obwieszczenie","status":"publish","type":"page","link":"https:\/\/www.pinbpolice.pl\/BIP\/pinb-5160-29-2021-bk-pinb-5160-44-2021-bk-pinb-5160-38-2022-bk-pinb-5160-39-2022-bk-pinb-5160-40-2022-bk-pinb-5160-41-2022-bk-pinb-5160-42-2022-bk-z-dnia-23-grudnia-2025-r-obwieszczenie\/","title":{"rendered":"PINB.5160.29.2021.BK; PINB.5160.44.2021.BK; PINB.5160.38.2022.BK PINB.5160.39.2022.BK; PINB.5160.40.2022.BK; PINB.5160.41.2022.BK PINB.5160.42.2022.BK; z dnia 23 grudnia 2025 r.  OBWIESZCZENIE"},"content":{"rendered":"\t\t<div data-elementor-type=\"wp-page\" data-elementor-id=\"3485\" class=\"elementor elementor-3485\">\n\t\t\t\t<div class=\"elementor-element elementor-element-e8b134a e-flex e-con-boxed e-con e-parent\" data-id=\"e8b134a\" data-element_type=\"container\" data-e-type=\"container\">\n\t\t\t\t\t<div class=\"e-con-inner\">\n\t\t\t\t<div class=\"elementor-element elementor-element-336ea5f elementor-widget elementor-widget-image\" data-id=\"336ea5f\" data-element_type=\"widget\" data-e-type=\"widget\" data-widget_type=\"image.default\">\n\t\t\t\t<div class=\"elementor-widget-container\">\n\t\t\t\t\t\t\t\t\t\t\t\t\t\t\t<img fetchpriority=\"high\" decoding=\"async\" width=\"1536\" height=\"308\" src=\"https:\/\/www.pinbpolice.pl\/BIP\/wp-content\/uploads\/2023\/12\/cropped-baner-BIP-Police-1536x308.png\" class=\"attachment-1536x1536 size-1536x1536 wp-image-1152\" alt=\"\" srcset=\"https:\/\/www.pinbpolice.pl\/BIP\/wp-content\/uploads\/2023\/12\/cropped-baner-BIP-Police-1536x308.png 1536w, https:\/\/www.pinbpolice.pl\/BIP\/wp-content\/uploads\/2023\/12\/cropped-baner-BIP-Police-700x141.png 700w, https:\/\/www.pinbpolice.pl\/BIP\/wp-content\/uploads\/2023\/12\/cropped-baner-BIP-Police-300x60.png 300w, https:\/\/www.pinbpolice.pl\/BIP\/wp-content\/uploads\/2023\/12\/cropped-baner-BIP-Police-1024x206.png 1024w, https:\/\/www.pinbpolice.pl\/BIP\/wp-content\/uploads\/2023\/12\/cropped-baner-BIP-Police-768x154.png 768w, https:\/\/www.pinbpolice.pl\/BIP\/wp-content\/uploads\/2023\/12\/cropped-baner-BIP-Police-2048x411.png 2048w\" sizes=\"(max-width: 1536px) 100vw, 1536px\" \/>\t\t\t\t\t\t\t\t\t\t\t\t\t\t\t<\/div>\n\t\t\t\t<\/div>\n\t\t\t\t\t<\/div>\n\t\t\t\t<\/div>\n\t\t<div class=\"elementor-element elementor-element-199ecff e-flex e-con-boxed e-con e-parent\" data-id=\"199ecff\" data-element_type=\"container\" data-e-type=\"container\">\n\t\t\t\t\t<div class=\"e-con-inner\">\n\t\t\t\t<div class=\"elementor-element elementor-element-aa66938 elementor-widget elementor-widget-heading\" data-id=\"aa66938\" data-element_type=\"widget\" data-e-type=\"widget\" data-widget_type=\"heading.default\">\n\t\t\t\t<div class=\"elementor-widget-container\">\n\t\t\t\t\t<p class=\"elementor-heading-title elementor-size-default\"><span style=\"font-size: 26pt;color: black\">OBWIESZCZENIA dla post\u0119powa\u0144 z udzia\u0142em wi\u0119cej ni\u017c 20 stron<\/span><\/p>\t\t\t\t<\/div>\n\t\t\t\t<\/div>\n\t\t\t\t\t<\/div>\n\t\t\t\t<\/div>\n\t\t\t\t<section class=\"elementor-section elementor-top-section elementor-element elementor-element-69c6b72 elementor-section-boxed elementor-section-height-default elementor-section-height-default\" data-id=\"69c6b72\" data-element_type=\"section\" data-e-type=\"section\">\n\t\t\t\t\t\t<div class=\"elementor-container elementor-column-gap-default\">\n\t\t\t\t\t<div class=\"elementor-column elementor-col-100 elementor-top-column elementor-element elementor-element-89de852\" data-id=\"89de852\" data-element_type=\"column\" data-e-type=\"column\" data-settings=\"{&quot;background_background&quot;:&quot;classic&quot;}\">\n\t\t\t<div class=\"elementor-widget-wrap elementor-element-populated\">\n\t\t\t\t\t\t<div class=\"elementor-element elementor-element-0a71d56 elementor-widget elementor-widget-heading\" data-id=\"0a71d56\" data-element_type=\"widget\" data-e-type=\"widget\" data-widget_type=\"heading.default\">\n\t\t\t\t<div class=\"elementor-widget-container\">\n\t\t\t\t\t<p class=\"elementor-heading-title elementor-size-default\">PINB.5160.29.2021.BK; PINB.5160.44.2021.BK; PINB.5160.38.2022.BK PINB.5160.39.2022.BK; PINB.5160.40.2022.BK; PINB.5160.41.2022.BK PINB.5160.42.2022.BK; z dnia 23 grudnia 2025 r.  OBWIESZCZENIE <\/p>\t\t\t\t<\/div>\n\t\t\t\t<\/div>\n\t\t\t\t\t<\/div>\n\t\t<\/div>\n\t\t\t\t\t<\/div>\n\t\t<\/section>\n\t\t<div class=\"elementor-element elementor-element-6c87a04 e-flex e-con-boxed e-con e-parent\" data-id=\"6c87a04\" data-element_type=\"container\" data-e-type=\"container\">\n\t\t\t\t\t<div class=\"e-con-inner\">\n\t\t<div class=\"elementor-element elementor-element-4d4429a e-con-full e-flex e-con e-child\" data-id=\"4d4429a\" data-element_type=\"container\" data-e-type=\"container\">\n\t\t\t\t<div class=\"elementor-element elementor-element-0d8e833 elementor-widget elementor-widget-text-editor\" data-id=\"0d8e833\" data-element_type=\"widget\" data-e-type=\"widget\" data-widget_type=\"text-editor.default\">\n\t\t\t\t<div class=\"elementor-widget-container\">\n\t\t\t\t\t\t\t\t\t<p style=\"text-align: right;\">Police, dnia 23 grudnia 2025 r.<\/p>\t\t\t\t\t\t\t\t<\/div>\n\t\t\t\t<\/div>\n\t\t\t\t<div class=\"elementor-element elementor-element-07c7e52 elementor-widget elementor-widget-text-editor\" data-id=\"07c7e52\" data-element_type=\"widget\" data-e-type=\"widget\" data-widget_type=\"text-editor.default\">\n\t\t\t\t<div class=\"elementor-widget-container\">\n\t\t\t\t\t\t\t\t\t<div class=\"item_zawartosc_wycinek\"><p>PINB.5160.29.2021.BK<br \/>PINB.5160.38.2022.BK<br \/>PINB.5160.39.2022.BK<br \/>PINB.5160.40.2022.BK<br \/>PINB.5160.41.2022.BK<br \/>PINB.5160.42.2022.BK<br \/>PINB.5160.44.2021.BK\u00a0\u00a0\u00a0\u00a0\u00a0\u00a0\u00a0\u00a0\u00a0\u00a0\u00a0\u00a0\u00a0\u00a0\u00a0\u00a0\u00a0 \u00a0\u00a0<\/p><\/div><div class=\"item_zawartosc\"><p style=\"text-align: center;\"><strong>O B W I E S Z C Z E N I E<br \/>Powiatowego Inspektora Nadzoru Budowlanego w Policach<\/strong><br \/><strong>PINB\u00a0 w Policach zawiadamia strony, \u00a0<\/strong>\u017ce w dniu 23.12.2025 r.,\u00a0 <strong>o wszcz\u0119ciu z urz\u0119du post\u0119powa\u0144 administracyjnych,<\/strong> <strong>w sprawie stwierdzenia <u>wygaszenia decyzji\u00a0 o rozbi\u00f3rce: <\/u><\/strong><\/p><ol><li><strong>5160.29.2021 &#8211; <\/strong>wiaty o powierzchni zabudowy 21,50m<sup>2<\/sup><strong>,<\/strong><\/li><li><strong>5160.38.2022<\/strong> &#8211; \u0142awki, o konstrukcji stalowej, po\u0142o\u017conej w p\u00f3\u0142nocnej cz\u0119\u015bci dzia\u0142ki,<\/li><li><strong>5160.39.2022<\/strong>&#8211; \u0142awki o konstrukcji stalowej, po\u0142o\u017conej w naro\u017cniku\u00a0 p\u00f3\u0142nocno- wschodnim dzia\u0142ki,<\/li><li><strong>5160.40.2022 &#8211;<\/strong> \u0142awki o konstrukcji stalowej, po\u0142o\u017conej od strony wschodniej dzia\u0142ki,<\/li><li><strong>5160.41.2022 &#8211; <\/strong>jednego zestawu rekreacyjnego, sk\u0142adaj\u0105cego si\u0119 z nast\u0119puj\u0105cych urz\u0105dze\u0144 do \u0107wicze\u0144 fizycznych: wio\u015blarz, biegacz oraz orbitek, opisanych w geometrii\u00a0 o wym. 420cm x 80 cm,<\/li><li><strong>5160.42.2022 &#8211; <\/strong>jednego zestawu rekreacyjnego, sk\u0142adaj\u0105cego si\u0119\u00a0 z nast\u0119puj\u0105cych urz\u0105dze\u0144 do \u0107wicze\u0144\u00a0 fizycznych: drabinki, por\u0119cze, krzes\u0142a do wyciskania oraz wyci\u0105gu g\u00f3rnego, opartych na pylonie z dw\u00f3ch rur stalowych, opisanych w geometrii o wym. 300cm x 160 cm,<\/li><li><strong>5160.44.2022 &#8211; <\/strong>czterech wie\u017c o konstrukcji drewnianej z podestem na wys. 1,5m w tym dw\u00f3ch zadaszonych (do wys. 3m), pomi\u0119dzy wie\u017cami znajduj\u0105 si\u0119 trzy ruchome podesty oraz siatka wspinaczkowa z liny zbrojonej dn 16mm, na wie\u017cy wsparto drewniana hu\u015btawk\u0119 wahad\u0142owa podw\u00f3jn\u0105, drabink\u0119 wspinaczki gimnastycznej, \u015blizg zje\u017cd\u017calni dla dzieci, element wspinaczki liniowej, kamienie wspinaczkowe na pionowej \u015bcianie wie\u017cy oraz stalow\u0105 rur\u0119 stra\u017cack\u0105,<strong>\u00a0 <\/strong><\/li><\/ol><p><strong>na podstawie art. 162 ustawy z dnia 14 czerwca 1960 r., Kodeks post\u0119powania administracyjnego <\/strong>(Dz.U. z 2025 poz. 1691).<\/p><p>Jednocze\u015bnie na podstawie art. 10 ustawy z dnia 14 czerwca 1960 r., Kodeks post\u0119powania administracyjnego (jednolity tekst Dz. U. z 2025 r., poz. 1691) organ poinformowa\u0142, \u017ce w terminie czternastu dni od daty otrzymania niniejszego zawiadomienia strony mog\u0105 zapozna\u0107 si\u0119 ze zgromadzonym materia\u0142em dowodowym, uzyska\u0107 wyja\u015bnienia, a tak\u017ce sk\u0142ada\u0107 pisemne i ustne wyja\u015bnienia dotycz\u0105ce rozpatrywanej sprawy w Powiatowym Inspektoracie Nadzoru Budowlanego w Policach ul. Tanowska 8, w godzinach od 8:00 \u00f7 14:00, po wcze\u015bniejszym telefonicznym (91 317 80 25) uzgodnieniu ww. terminu.<\/p><p>\u00a0 Po tym terminie sprawy zostan\u0105 rozpoznane w oparciu o materia\u0142y znajduj\u0105ce si\u0119 \u00a0w aktach sprawy.<\/p><p><strong>\u00a0<\/strong><\/p><\/div>\t\t\t\t\t\t\t\t<\/div>\n\t\t\t\t<\/div>\n\t\t<div class=\"elementor-element elementor-element-0958462 e-grid e-con-full e-con e-child\" data-id=\"0958462\" data-element_type=\"container\" data-e-type=\"container\">\n\t\t<div class=\"elementor-element elementor-element-b05ba91 e-con-full e-flex e-con e-child\" data-id=\"b05ba91\" data-element_type=\"container\" data-e-type=\"container\">\n\t\t\t\t<\/div>\n\t\t<div class=\"elementor-element elementor-element-2d4f2d8 e-con-full e-flex e-con e-child\" data-id=\"2d4f2d8\" data-element_type=\"container\" data-e-type=\"container\">\n\t\t\t\t<\/div>\n\t\t\t\t<div class=\"elementor-element elementor-element-0e3204a elementor-widget elementor-widget-text-editor\" data-id=\"0e3204a\" data-element_type=\"widget\" data-e-type=\"widget\" data-widget_type=\"text-editor.default\">\n\t\t\t\t<div class=\"elementor-widget-container\">\n\t\t\t\t\t\t\t\t\t<p align=\"center\">Powiatowy Inspektor<br \/>Nadzoru Budowlanego w Policach<br \/>BEATA KO\u0141ODZIEJSKA<\/p>\t\t\t\t\t\t\t\t<\/div>\n\t\t\t\t<\/div>\n\t\t\t\t<\/div>\n\t\t\t\t<\/div>\n\t\t\t\t\t<\/div>\n\t\t\t\t<\/div>\n\t\t\t\t<\/div>\n\t\t","protected":false},"excerpt":{"rendered":"<p>OBWIESZCZENIA dla post\u0119powa\u0144 z udzia\u0142em wi\u0119cej ni\u017c 20 stron PINB.5160.29.2021.BK; PINB.5160.44.2021.BK; PINB.5160.38.2022.BK PINB.5160.39.2022.BK; PINB.5160.40.2022.BK; PINB.5160.41.2022.BK PINB.5160.42.2022.BK; z dnia 23 grudnia 2025 r. OBWIESZCZENIE Police, dnia 23 grudnia 2025 r. PINB.5160.29.2021.BKPINB.5160.38.2022.BKPINB.5160.39.2022.BKPINB.5160.40.2022.BKPINB.5160.41.2022.BKPINB.5160.42.2022.BKPINB.5160.44.2021.BK\u00a0\u00a0\u00a0\u00a0\u00a0\u00a0\u00a0\u00a0\u00a0\u00a0\u00a0\u00a0\u00a0\u00a0\u00a0\u00a0\u00a0 \u00a0\u00a0 O B W I E S Z C Z E N I EPowiatowego Inspektora Nadzoru Budowlanego w PolicachPINB\u00a0 w Policach zawiadamia strony, \u00a0\u017ce w&#8230;<\/p>\n","protected":false},"author":1,"featured_media":0,"parent":0,"menu_order":0,"comment_status":"closed","ping_status":"closed","template":"","meta":{"_kadence_starter_templates_imported_post":true,"_kad_post_transparent":"","_kad_post_title":"hide","_kad_post_layout":"fullwidth","_kad_post_sidebar_id":"","_kad_post_content_style":"unboxed","_kad_post_vertical_padding":"hide","_kad_post_feature":"hide","_kad_post_feature_position":"","_kad_post_header":false,"_kad_post_footer":false,"_kad_post_classname":"","footnotes":""},"class_list":["post-3485","page","type-page","status-publish","hentry"],"_links":{"self":[{"href":"https:\/\/www.pinbpolice.pl\/BIP\/wp-json\/wp\/v2\/pages\/3485","targetHints":{"allow":["GET"]}}],"collection":[{"href":"https:\/\/www.pinbpolice.pl\/BIP\/wp-json\/wp\/v2\/pages"}],"about":[{"href":"https:\/\/www.pinbpolice.pl\/BIP\/wp-json\/wp\/v2\/types\/page"}],"author":[{"embeddable":true,"href":"https:\/\/www.pinbpolice.pl\/BIP\/wp-json\/wp\/v2\/users\/1"}],"replies":[{"embeddable":true,"href":"https:\/\/www.pinbpolice.pl\/BIP\/wp-json\/wp\/v2\/comments?post=3485"}],"version-history":[{"count":22,"href":"https:\/\/www.pinbpolice.pl\/BIP\/wp-json\/wp\/v2\/pages\/3485\/revisions"}],"predecessor-version":[{"id":3514,"href":"https:\/\/www.pinbpolice.pl\/BIP\/wp-json\/wp\/v2\/pages\/3485\/revisions\/3514"}],"wp:attachment":[{"href":"https:\/\/www.pinbpolice.pl\/BIP\/wp-json\/wp\/v2\/media?parent=3485"}],"curies":[{"name":"wp","href":"https:\/\/api.w.org\/{rel}","templated":true}]}}